-m + 29 = w, w = -8*m + 4*m + 26. Let v = w - 19. What is the units digit of v?
1
Suppose 14 = -5*x + 4*n, 2*x - n + 3 = -5. Let m(p) = -3*p - 11. What is the units digit of m(x)?
7
Let m(i) = i**3 - 16*i**2 - 18*i + 26. What is the units digit of m(17)?
9
Suppose 9*a + 17*a = 8502. What is the units digit of a?
7
Suppose -2*t + 10 = 2*r + 4, 4*r = 5*t - 33. Suppose -t*n = -5*l - 235, -5*l = -2*n + n + 63. What is the units digit of n?
3
Let a be (2 + (-2 - -4))/(-4 + 6). Suppose 5*w - 648 = a*w. What is the units digit of w?
6
Suppose 16*c = 8797 + 20995. What is the hundreds digit of c?
8
Let r(y) = 3620*y - 30. What is the units digit of r(1)?
0
What is the tens digit of -2*(-821)/6*3?
2
Suppose -4*t + 14 = -2. Suppose -t = -9*s + 7*s. Suppose 0 = j - 5*g - 22, 15 = 4*j + s*g - 95. What is the tens digit of j?
2
Suppose -14 = 5*d - 2*d + 2*t, -2*d = -t + 14. What is the hundreds digit of d/(-18)*537*(-1)/(-1)?
1
Let z = 2530 - 1731. What is the units digit of z?
9
Suppose -5*i - 3*c = -4*c - 13, -2*i + 4*c = -16. Let n be (30/(-35))/(i/14). Let y(s) = 2*s**2 + 6*s - 6. What is the tens digit of y(n)?
3
Suppose 4*n - 26 = -z, 0*z = -z + 2*n + 26. What is the units digit of (1*2)/(z - 24)?
1
Suppose k - 489 = 2*h + 15, -4*h + 480 = k. What is the tens digit of k?
9
Let s = -275 - -957. What is the tens digit of s?
8
Let g(m) = -m**3 - 32*m**2 - 57*m - 65. What is the units digit of g(-31)?
1
Suppose -4*v - 2*s + 10 = 0, -4*v + s + 4 = 5*s. Suppose -2*m - 64 = -3*f, -f + 3*m = -v - 22. What is the units digit of f?
0
Let m(d) = -12*d - 14. Let y(u) = -6*u - 7. Let g(x) = -2*m(x) + 5*y(x). What is the units digit of g(-7)?
5
Suppose -6*q + 7*q - 2 = 0. Suppose -q*r + 3*r + 4*h - 15 = 0, -2*r + 5*h = 35. Let w = 15 + r. What is the tens digit of w?
1
Let g(l) be the first derivative of -l**5/20 - l**4/24 + 4*l**3/3 - 5. Let j(f) be the third derivative of g(f). What is the tens digit of j(-5)?
2
Suppose 11 = -4*c + f, 0 = -4*c - 4*f + 4 - 0. Suppose -30*z - 2 = -32*z. What is the tens digit of 34 + (2/c - z)?
3
Suppose -225 = 21*x - 26*x. What is the tens digit of -1 + x + (-4 - -6)?
4
Let i(b) = -b**3 + 11*b**2 - 7*b - 6. Let t(f) = -f + 1. Let s(c) = -i(c) - 3*t(c). Suppose 3*d - 16 = 14. What is the units digit of s(d)?
3
Let k be 45/5 - 2*2. Suppose -k*f = -3*w - 387, w - 142 = -2*f - w. What is the units digit of f?
5
Suppose -5*x = y - 9, 0*x = 2*y + 3*x - 11. Let m be 3 - (12 - (y - 2)). Let t = 21 + m. What is the tens digit of t?
1
Suppose 3*s = 5*p + 902, 5*s - 3*p = -2*p + 1518. Suppose -v = -4*w + s, -w - 2*w + 228 = -5*v. What is the units digit of w?
6
Suppose -37888 = -32*a + 16*a. What is the thousands digit of a?
2
Suppose -5515 = c - 4*c - 5*p, c + 5*p = 1835. What is the hundreds digit of c?
8
Suppose -22 = 3*x + 215. Let n = 115 - x. What is the hundreds digit of n?
1
Let j(d) = -5*d**3 - 2*d - 1. Let z be j(-1). Suppose -z*v + v + 475 = 0. What is the units digit of v?
5
Suppose -5*r = -29 - 41. Let w = 57 + r. What is the units digit of w?
1
Suppose r = -2*w, -5*r - 19 = -4*w + 9. Let k(m) = 3*m + 58. Let z be k(-23). What is the units digit of r + 3/(-3)*z?
7
Let o(t) be the third derivative of -t**6/120 + 2*t**3 + 2*t**2. Suppose 11*v = 4*v. What is the tens digit of o(v)?
1
Suppose 5*t - 5*b - 90 = 0, -32 = -t + 4*b - 2. Let f = t - -119. What is the hundreds digit of f?
1
Let o(v) = -v**3 + 3*v**2 + 2*v - 2. Let s be o(3). Let i(h) = -5*h**2 - h + s*h**2 + 16 + 2*h**2. What is the units digit of i(0)?
6
Let x = -48 + 112. Suppose -3*z - 60 - 74 = v, 5*z - 2*v = -227. Let j = z + x. What is the units digit of j?
9
Let u = 8 + -10. Let z be (2*-1)/(1 + u). Let b(j) = -j**2 + 3*j - 1. What is the units digit of b(z)?
1
Let u be (23 + (-5 - 0))*(-57)/(-2). Suppose u - 9 = 4*s. What is the tens digit of s?
2
Let a = 24 + -35. Let w = 19 + a. What is the units digit of w?
8
What is the hundreds digit of 14618/10 + 1 + 92/(-115)?
4
Suppose n + 0*a + 15 = 3*a, -4*a - 20 = 2*n. Let d = 55 - n. Suppose 5*j + 12 = -8, 5*j - d = -3*z. What is the tens digit of z?
2
Let d = -205 + 351. Suppose d = 3*s - 5*k, s = -2*k + 92 - 25. What is the tens digit of s?
5
Let d(g) = -g**3 + 4*g**2 + 2*g + 3. Let j be d(4). Suppose -2*f = -f + j. What is the tens digit of 1 - -71 - (-33)/f?
6
Let m(h) = -h**3 + 5*h**2 + 6*h - 4. Let k be m(6). What is the tens digit of ((-344)/16)/(2/k)?
4
Let s be 1 + (-9)/6 + 27/6. Suppose 5*i = -3*m + 3*i + 425, 0 = -3*m - s*i + 421. What is the tens digit of m?
4
Suppose -253*w = -247*w - 1062. What is the tens digit of w?
7
Let b(u) = -u + 9. Let g be b(6). Suppose 0 = -4*h + g*y - 4*y + 29, 2*h - 2*y - 12 = 0. What is the units digit of h?
7
Let m = -1070 - -1504. What is the units digit of m?
4
Suppose y + 84 = 7*y. What is the units digit of 6/y - (1082/(-7) - -3)?
2
Suppose -5*o = -25, 4*o = -2*s + 411 - 55. Suppose 0 = 4*q - s - 696. What is the units digit of q?
6
Let f = -133 - -255. What is the hundreds digit of f?
1
Suppose -d + 7*d - 528 = 0. What is the tens digit of d?
8
Let r(f) = -f**2 - 7*f + 7. Let l be r(-7). Suppose l*j - 30 = 54. What is the units digit of ((-4)/5)/(j/(-30))?
2
Let q = 1958 - 1378. What is the tens digit of (-9)/6*q/(-6)?
4
Let u = 1575 - 1152. What is the units digit of u?
3
Let z = 10 + -9. Suppose -z = r + 2, 5*r + 75 = -2*u. What is the tens digit of 87/1*(-20)/u?
5
Let v = -1 + 1. Suppose h - 14 - 22 = v. Suppose 2*m - 56 = h. What is the tens digit of m?
4
Let y(w) = 14*w + 4. Let k = 19 - 17. Suppose -k*s = 3*z - 4*s + 5, -z - 3 = -s. What is the tens digit of y(z)?
1
Let m be -12 + 14 - (-33 + -2 + 1). What is the tens digit of (90/(-8))/((-9)/m)?
4
Let m(o) = 4*o**2 - 6*o - 5 - 7 + o**2 - 5. What is the hundreds digit of m(6)?
1
Let y = 10 - 6. Suppose 2*u - 3*j - 26 = j, -y*u + 22 = -2*j. Suppose 3*o + 2*o - 26 = -2*s, s + u*o - 12 = 0. What is the tens digit of s?
1
What is the tens digit of 2358 - (55/(-33))/(1/(-3))?
5
Let x be 10/8 + (-1128)/(-96). Suppose -2*m = 6 + 6. Let p = m + x. What is the units digit of p?
7
Let z = -937 - -636. Let c = -206 - z. What is the units digit of c?
5
Let m(l) be the first derivative of 5*l**2/2 + 58*l - 18. What is the hundreds digit of m(9)?
1
Let t(s) = -37*s**3 - 15*s + 8*s**2 + 2*s**2 + 14 + 38*s**3. Let k be t(-11). Suppose k - 12 = 2*g + 4*h, -h = -5*g + 71. What is the tens digit of g?
1
Let q(t) be the second derivative of t**5/20 + 5*t**4/3 + 9*t**3/2 + 7*t**2/2 - t - 42. What is the units digit of q(-18)?
9
Let c(x) = -15*x - 4. Let y(p) = 9*p + 4. Let w(u) = 8*u + 3. Let v(r) = 7*w(r) - 6*y(r). Let k be v(0). What is the units digit of c(k)?
1
Let s(t) = -t**2 - 3*t + 1. Let q be s(-4). Let x = 52 + q. What is the tens digit of x?
4
What is the units digit of (-3)/2 + (-1827)/(-14)*3?
0
Let j(r) = -511*r - 172. What is the thousands digit of j(-7)?
3
Suppose 0 = -8*a + 7743 - 1095. What is the units digit of a?
1
Let n(h) be the second derivative of h**5/20 - h**4/2 - h**3/6 + 5*h**2/2 + 4*h. Let g be n(6). What is the tens digit of 51 - (3 - 2 - g)?
4
Let x = 42 - 12. Suppose -x*l + 35*l + 940 = 0. What is the tens digit of 8/(-4) - l/4?
4
Let f(q) = 2*q + 48. Let a be f(-22). What is the units digit of 166 + (11 + -3)/a?
8
Suppose -4*h + 66 = -242. Suppose 74*x - h*x + 441 = 0. What is the hundreds digit of x?
1
Let j(y) = y**3 - 2*y**3 - 8*y**2 - 6*y - 2 - 2*y + 2*y. What is the units digit of j(-8)?
6
Suppose 0 = -29*v + 26*v - 297. Let f = v - -152. What is the units digit of f?
3
Suppose 0 = -6*z + 1763 - 365. What is the tens digit of z?
3
Let m(h) = 4*h**2 + 4*h - 3. Suppose -2*j - 3*i = 0, 0 = -3*j - 3*i - 1 - 5. What is the tens digit of m(j)?
1
What is the units digit of (8/(-6))/((-36)/10476)?
8
Suppose -4*v = 3*k - 187, -4*v + 0*v - 2*k = -182. Let q = -230 + 289. Suppose v = 3*s - q. What is the units digit of s?
4
Suppose 0 = -5*c - 660 + 4430. What is the hundreds digit of c?
7
What is the hundreds digit of (1 + -1 - 81)/((-25)/150)?
4
Let j = 14 - 10. Suppose -3*i + 4*i = -g - 7, j*g = 4*i - 4. What is the units digit of (0 - -1)/(g/(-168))?
2
Suppose -3*g = 2*u + 11 + 43, -4*g - 5*u - 65 = 0. Let j(z) = -z**2 - 21*z + 28. What is the tens digit of j(g)?
4
Suppose -b = 5*d - 9*d - 96, -8 = -2